{"id":1124,"date":"2011-11-21T22:00:04","date_gmt":"2011-11-21T21:00:04","guid":{"rendered":"http:\/\/zenia.dk\/?page_id=1124"},"modified":"2021-02-02T13:01:30","modified_gmt":"2021-02-02T12:01:30","slug":"hunden-der-ikke-troede-pa-op","status":"publish","type":"page","link":"https:\/\/zenia.dk\/?page_id=1124","title":{"rendered":"HUNDEN, DER IKKE TROEDE P\u00c5 OP"},"content":{"rendered":"<p><img loading=\"lazy\" decoding=\"async\" class=\"alignleft size-medium wp-image-3774\" src=\"http:\/\/zenia.dk\/wp-content\/uploads\/wp-1612105023252-288x300.jpg\" alt=\"\" width=\"288\" height=\"300\" srcset=\"https:\/\/zenia.dk\/wp-content\/uploads\/wp-1612105023252-288x300.jpg 288w, https:\/\/zenia.dk\/wp-content\/uploads\/wp-1612105023252-983x1024.jpg 983w, https:\/\/zenia.dk\/wp-content\/uploads\/wp-1612105023252-768x800.jpg 768w, https:\/\/zenia.dk\/wp-content\/uploads\/wp-1612105023252-1475x1536.jpg 1475w, https:\/\/zenia.dk\/wp-content\/uploads\/wp-1612105023252.jpg 1625w\" sizes=\"auto, (max-width: 288px) 100vw, 288px\" \/><\/p>\n<h5><span style=\"color: #000000;\"><strong>&#8220;&#8230;underfundigt og medvidende fortalt. Sproget er let som en vandbakkelse.&#8221;<\/strong><\/span><br \/><span style=\"color: #000000;\">POLITIKEN<\/span><\/h5>\n<p><span style=\"color: #333333;\">Hunden Fl\u00e6ske lever et liv med snuden klistret til jorden.<\/span><br \/><span style=\"color: #333333;\">Han tror kun p\u00e5 NED og TIL SIDEN. Han ser p\u00e5 biller og blomster og mad, som andre har tabt, men g\u00e5r glip af fugle, skyer, flyvende lykkedrager, grise med vinger og et helt rumskib fyldt med gr\u00f8nne b\u00f8rn. <span style=\"font-size: inherit; background-color: var(--background-color); font-family: var(--fontFamily); font-style: var(--fontStyle, inherit); font-weight: var(--fontWeight); letter-spacing: var(--letterSpacing); text-transform: var(--textTransform);\">Men en dag rammer en regndr\u00e5be Fl\u00e6ske p\u00e5 snuden &#8230;<\/span><\/span><\/p>\n<p><span style=\"color: #333333;\">Illustreret af <a style=\"color: #333333;\" href=\"https:\/\/cargocollective.com\/kamilaslocinska\/The-dog-that-didn-t-believe-in-the-upper-spheres\">Kamila Slocinska<\/a><br \/>Udkommet p\u00e5 Turbine, 2011 (UDSOLGT fra forlaget) og <span style=\"font-size: inherit; background-color: var(--background-color); font-family: var(--fontFamily); font-style: var(--fontStyle, inherit); font-weight: var(--fontWeight); letter-spacing: var(--letterSpacing); text-transform: var(--textTransform);\">forlaget Cotton Tree, Hong Kong, 2015<\/span><\/span><\/p>\n<hr \/>\n<p><span style=\"color: #000000;\"><strong>ANMELDELSER<\/strong><br \/><\/span><\/p>\n<hr \/>\n<p><span style=\"color: #000000;\">&#8220;Changing one\u2019s point of view can do a lot&#8230; This picture book charmingly describes how good it can be to leave the beaten path, to think outside the box and to dare to try new things.&#8221;<\/span><br \/><span style=\"color: #000000;\"><strong>The White Ravens,<\/strong> <a style=\"color: #000000;\" href=\"http:\/\/www.ijb.de\/files\/whiteravens\/wr12\/denmark.htm\">2012<\/a><\/span><\/p>\n<hr \/>\n<p><span style=\"color: #000000;\">6 stjerner<\/span><\/p>\n<p><span style=\"color: #000000;\"><strong>24timer<\/strong><\/span><\/p>\n<hr \/>\n<p><span style=\"color: #000000;\">\u201cEn smuk historie fra en verden, der ikke rigtigt tror p\u00e5 voksne men med stor selvf\u00f8lgelighed p\u00e5 marsb\u00f8rn og flyvende grise\u2026\u201d<\/span><br \/><span style=\"color: #000000;\">\u201cEn god bog at l\u00e6se med de yngste behageligt blottet for voksenverdenens irrationalitet og den ikke altid lige vedkommende konkurrencementalitet.\u201d<\/span><br \/><span style=\"color: #000000;\"><strong>Birthe Strandby, Bogv\u00e6gten.dk<br \/><\/strong>L\u00e6s<a style=\"color: #000000;\" href=\"http:\/\/www.bogvaegten.dk\/1-1714-hunden-der-ikke-troede-paa-op.html\"> hele anmeldelsen<\/a><\/span><\/p>\n<hr \/>\n<p><span style=\"color: #000000;\">5 hjerter, Politiken<\/span><br \/><span style=\"color: #000000;\">&#8220;Historien om Fl\u00e6ske er underfundigt og medvidende fortalt. Sproget er let som en vandbakkelse.&#8221;<\/span><br \/><span style=\"color: #000000;\">&#8220;Kamila Slocinska kaster glans over hundelivet med indlysende, farvem\u00e6ttede og sv\u00e6vende billeder til en dag i hunden Fl\u00e6skes liv&#8221;<\/span><br \/><span style=\"color: #000000;\">&#8220;Super!&#8221;<\/span><br \/><span style=\"color: #000000;\"><strong>Steffen Larsen, Politiken<br \/><\/strong>L\u00e6s <a style=\"color: #000000;\" href=\"http:\/\/politiken.dk\/kultur\/boger\/ECE1469426\/underfundig-billedbog-kaster-glans-over-hundelivet\/\">hele anmeldelsen<\/a><\/span><\/p>\n<hr \/>\n<p><span style=\"color: #000000;\">&#8220;Magi og h\u00f8jtflyvende hundeeventyr&#8221;<\/span><br \/><span style=\"color: #000000;\"><strong>B\u00f8rn og unge<\/strong><\/span><\/p>\n<hr \/>\n<p><span style=\"color: #000000;\">&#8220;Et lille mesterv\u00e6rk&#8221;<\/span><br \/><span style=\"color: #000000;\"><strong>Horsens Folkeblad<\/strong><\/span><\/p>\n<hr \/>\n<p><span style=\"color: #000000;\">&#8221; Fort\u00e6llingen er poetisk og fabulerende surrealistisk og passer glimrende til Kamila Slocinskas fantastiske illustrationer i naivistisk streg og afd\u00e6mpede farver.&#8221;<\/span><br \/><span style=\"color: #000000;\">&#8220;&#8230; giver en ny oplevelse til billedbogsl\u00e6serne.&#8221;<\/span><br \/><span style=\"color: #000000;\">&#8220;En sk\u00f8n og poetisk billedbog med en god pointe om at \u00e5bne sig for hvor stor og mangfoldig verden egentligt er.&#8221;<\/span><br \/><span style=\"color: #000000;\"><strong>Maria Sj\u00f8blom , Lekt\u00f8rudtalelse, DBC<\/strong><\/span><\/p>\n<hr \/>\n<p><span style=\"color: #000000;\">&#8220;<em>Hunden, der ikke troede p\u00e5 op<\/em> er Zenia Johnsens debutbog. Det er en finurlig en af slagsen, som bliver bedre og bedre for hver gang, man l\u00e6ser den. Tonen er let og drilsk, som g\u00f8r den til en fryd at l\u00e6se h\u00f8jt. \u201c<\/span><br \/><span style=\"color: #000000;\">\u201cKamila Slocinska har illustreret med drillende og originale illustrationer. Her er masser at se p\u00e5.\u201d<\/span><br \/><span style=\"color: #000000;\"><strong>Rikke Dyrhave Nissen, <a style=\"color: #000000;\" href=\"https:\/\/xn--selre-rra3k.dk\/post\/12917504729\/hunden-der-ikke-troede-p%C3%A5-op-af-zenia-johnsen\">\u00c6sel\u00f8re.dk<\/a><\/strong><\/span><\/p>\n<hr \/>\n<p><span style=\"color: #000000;\">&#8220;Zenia Johnsen har sammen med Kamila Slocinska (ill.) lavet en underfundig og sk\u00e6v fort\u00e6lling med et stort og abstrakt undertema. Er det bedst at holde snuden i rillen og fokus p\u00e5 det n\u00e6re og h\u00e5ndgribelige? Mister vi jordforbindelsen, hvis vi kun ser p\u00e5 skyerne og alt det fjerne og uopn\u00e5elige? Og ville det egentlig v\u00e6re s\u00e5 skidt hvis vi gjorde? Bare et \u00f8jeblik eller to.&#8221;<\/span><br \/><span style=\"color: #000000;\"><strong>Marlene Langbo- Friis, Bogliv.dk<\/strong><\/span><\/p>\n<hr \/>\n<p><strong><span style=\"color: #000000;\"><a style=\"color: #000000;\" href=\"https:\/\/www.dcbib.dk\/nyheder\/dialogisk-laesning\/hunden-der-ikke-troede-paa-op\">\u00a0Materiale<\/a> til dialogisk l\u00e6sning med Hunden, der ikke troede p\u00e5 op<\/span><\/strong><\/p>\n\n\n<div class=\"wp-block-image\"><figure class=\"aligncenter size-large is-resized\"><img loading=\"lazy\" decoding=\"async\" src=\"http:\/\/zenia.dk\/wp-content\/uploads\/wpid-img_20151006_101004.jpg\" alt=\"\" class=\"wp-image-3331\" width=\"473\" height=\"473\" srcset=\"https:\/\/zenia.dk\/wp-content\/uploads\/wpid-img_20151006_101004.jpg 600w, https:\/\/zenia.dk\/wp-content\/uploads\/wpid-img_20151006_101004-150x150.jpg 150w, https:\/\/zenia.dk\/wp-content\/uploads\/wpid-img_20151006_101004-300x300.jpg 300w\" sizes=\"auto, (max-width: 473px) 100vw, 473px\" \/><figcaption><em>Hunden, der ikke troede p\u00e5 op<\/em> &#8211; p\u00e5 traditionelt kinesisk<\/figcaption><\/figure><\/div>\n","protected":false},"excerpt":{"rendered":"<p>&#8220;&#8230;underfundigt og medvidende fortalt. Sproget er let som en vandbakkelse.&#8221;POLITIKEN Hunden Fl\u00e6ske lever et liv med snuden klistret til jorden.Han tror kun p\u00e5 NED og TIL SIDEN. Han ser p\u00e5 biller og blomster og mad, som andre har tabt, men g\u00e5r glip af fugle, skyer, flyvende lykkedrager, grise med vinger og et helt rumskib fyldt med gr\u00f8nne b\u00f8rn. Men en dag rammer en regndr\u00e5be Fl\u00e6ske p\u00e5 snuden &#8230; Illustreret af Kamila SlocinskaUdkommet p\u00e5 Turbine, 2011 (UDSOLGT fra forlaget) og forlaget Cotton Tree, Hong Kong, 2015 ANMELDELSER &#8220;Changing one\u2019s point of view can do a lot&#8230; This picture book charmingly describes\u2026<\/p>\n","protected":false},"author":2,"featured_media":0,"parent":3159,"menu_order":2,"comment_status":"closed","ping_status":"closed","template":"","meta":{"footnotes":"","_links_to":"","_links_to_target":""},"class_list":["post-1124","page","type-page","status-publish","hentry"],"blocksy_meta":"","jetpack_sharing_enabled":true,"_links":{"self":[{"href":"https:\/\/zenia.dk\/index.php?rest_route=\/wp\/v2\/pages\/1124","targetHints":{"allow":["GET"]}}],"collection":[{"href":"https:\/\/zenia.dk\/index.php?rest_route=\/wp\/v2\/pages"}],"about":[{"href":"https:\/\/zenia.dk\/index.php?rest_route=\/wp\/v2\/types\/page"}],"author":[{"embeddable":true,"href":"https:\/\/zenia.dk\/index.php?rest_route=\/wp\/v2\/users\/2"}],"replies":[{"embeddable":true,"href":"https:\/\/zenia.dk\/index.php?rest_route=%2Fwp%2Fv2%2Fcomments&post=1124"}],"version-history":[{"count":53,"href":"https:\/\/zenia.dk\/index.php?rest_route=\/wp\/v2\/pages\/1124\/revisions"}],"predecessor-version":[{"id":4834,"href":"https:\/\/zenia.dk\/index.php?rest_route=\/wp\/v2\/pages\/1124\/revisions\/4834"}],"up":[{"embeddable":true,"href":"https:\/\/zenia.dk\/index.php?rest_route=\/wp\/v2\/pages\/3159"}],"wp:attachment":[{"href":"https:\/\/zenia.dk\/index.php?rest_route=%2Fwp%2Fv2%2Fmedia&parent=1124"}],"curies":[{"name":"wp","href":"https:\/\/api.w.org\/{rel}","templated":true}]}}