{"id":4986,"date":"2023-02-26T14:54:56","date_gmt":"2023-02-26T13:54:56","guid":{"rendered":"http:\/\/zenia.dk\/?page_id=4986"},"modified":"2024-04-16T11:38:35","modified_gmt":"2024-04-16T10:38:35","slug":"per","status":"publish","type":"page","link":"http:\/\/zenia.dk\/?page_id=4986","title":{"rendered":"PER"},"content":{"rendered":"<div class=\"align-wrap-left alignwide\">\n<figure class=\"wp-block-image alignleft size-large is-resized\"><img loading=\"lazy\" decoding=\"async\" width=\"773\" height=\"1024\" src=\"http:\/\/zenia.dk\/wp-content\/uploads\/Perforside-773x1024.jpg\" alt=\"\" class=\"wp-image-5123\" style=\"width:317px;height:auto\" srcset=\"http:\/\/zenia.dk\/wp-content\/uploads\/Perforside-773x1024.jpg 773w, http:\/\/zenia.dk\/wp-content\/uploads\/Perforside-227x300.jpg 227w, http:\/\/zenia.dk\/wp-content\/uploads\/Perforside-768x1017.jpg 768w, http:\/\/zenia.dk\/wp-content\/uploads\/Perforside.jpg 855w\" sizes=\"auto, (max-width: 773px) 100vw, 773px\" \/><\/figure>\n<\/div>\n\n\n<p><strong>&#8220;Milevidt fra den farvestr\u00e5lende og masseproducerede konceptlitteratur, som findes p\u00e5 de fleste b\u00f8rns nethinder&#8221; <\/strong><br><strong>WEEKENDAVISEN<\/strong><br><br>\u2665\ufe0e\u2665\ufe0e\u2665\ufe0e\u2665\ufe0e\u2665\ufe0e<br><strong>POLITIKEN<\/strong><br><br>&#8220;<strong>En kommende b\u00f8rneklassiker<\/strong>&#8220;<br><strong>FOLKESKOLEN<\/strong><\/p>\n\n\n\n<p>&#8220;<strong>PER er et storsl\u00e5et og meget stille mesterv\u00e6rk<\/strong>&#8220;<br><strong>NORDISK R\u00c5D<\/strong><\/p>\n\n\n\n<p><em>En sommerfugl, en far, et savn, et frav\u00e6r.&nbsp;&nbsp;<\/em><br>En pige f\u00e5r et gammelt akvarium og 20 sm\u00e5 sorte larver af sin far. Hun finder bl.a. ud af, at larver kan danse \u2026&nbsp;larver kan godt mobbe hinanden \u2026&nbsp;larver holder op med at spise, n\u00e5r det regner \u2026&nbsp;og at pupper er lysegr\u00f8nne, s\u00e5 m\u00f8rkebrune og s\u00e5 bliver de til GULD! <br>Mens vi f\u00f8lger pigens forundring over larvernes metamorfose, fort\u00e6lles mellem linjerne en ganske anden historie, den om faren, om Per<\/p>\n\n\n\n<p><em>&#8220;Det var f\u00f8rst efter, far var flyttet, at han gav mig det gamle akvarium. I stedet for det store sorte plasticl\u00e5g havde han lavet et nyt l\u00e5g, der var en ramme med et tyndt net sp\u00e6ndt ud.&nbsp;\u00bbN\u00e6ste gang vi ses, kan vi sammen finde noget at putte i akvariet,\u00ab sagde han. \u00bbNoget som ikke d\u00f8r.\u00ab &#8220;<\/em><\/p>\n\n\n\n<p><strong>Illustreret af Signe Parkins, udgivet af Jensen &amp; Dalgaard, 2023<\/strong><\/p>\n\n\n\n<p><strong>Feltnoter om PER<\/strong><br>22 feltnoter om hvorfor og hvordan <em>PER <\/em>blev skabt \u2013 skrevet i februar og marts 2023 \u2013 kan l\u00e6ses <a href=\"http:\/\/zenia.dk\/?paged=3&amp;cat=78\" target=\"_blank\" rel=\"noreferrer noopener\">her<\/a><\/p>\n\n\n\n<hr class=\"wp-block-separator has-alpha-channel-opacity\"\/>\n\n\n\n<p><strong>ANMELDELSER &amp; OMTALE<\/strong><\/p>\n\n\n\n<hr class=\"wp-block-separator has-css-opacity\"\/>\n\n\n\n<p>&#8220;PER er et storsl\u00e5et og meget stille mesterv\u00e6rk om liv og d\u00f8d &#8230; Zenia Johnsens tekst er pr\u00e6cis og poetisk, konstaterende og uden sentimentalitet. Koblet med Signe Parkins\u2019 kongeniale streg &#8230; Det er p\u00e5 mange planer et svimlende og berigende v\u00e6rk om noget, der er ubarmhjertigt, r\u00e5t og n\u00e6rmest umuligt at s\u00e6tte ord p\u00e5 &#8230; PER er et stort v\u00e6rk om de helt sm\u00e5 ting.&#8221;<br>Nordisk R\u00e5ds B\u00f8rne- og ungdomslitteraturpris, Jury<\/p>\n\n\n\n<hr class=\"wp-block-separator has-alpha-channel-opacity\"\/>\n\n\n\n<p>&#8220;En smuk og st\u00e6rkt illustreret historie om sommerfugle og savnet af far. Skrevet i \u00f8jenh\u00f8jde med barnet og naturen. Den kribler og krabler sig ind i dit hjerte.&#8221;<br>Steffen Larsen, <strong>Politiken<\/strong><\/p>\n\n\n\n<hr class=\"wp-block-separator has-css-opacity\"\/>\n\n\n\n<p>&#8220;Bogen er resultatet af et forrygende samarbejde mellem to fine udviklere af dansk b\u00f8rnelitteratur.&#8221;<br>&#8220;En eventyrlig fort\u00e6lling om sommerfugle og \u00f8mhed, men ogs\u00e5 om ensomhed og frav\u00e6r.&#8221;<br><em>Jette Holmgaard Greibe<\/em>, <strong><a rel=\"noreferrer noopener\" href=\"https:\/\/litteratursiden.dk\/boeger\/per\" target=\"_blank\">Litteratursiden.dk<\/a><\/strong><\/p>\n\n\n\n<hr class=\"wp-block-separator has-css-opacity\"\/>\n\n\n\n<p>&#8220;<em>PER <\/em>er b\u00e5de knugende, n\u00e6sten til at f\u00e5 ondt i maven over, og sjov, s\u00e5 man sm\u00e5klukker over larvefakta og den nysl\u00e5ede insektpassers genvordigheder. Og s\u00e5 balancerer bogen dygtigt, s\u00e5 hverken larve eller far bliver gumpetunge metaforer for hinanden. En far er en far, og en larve er en larve. Og det er kun \u00e9n af dem, der bliver til en sommerfugl.&#8221;<\/p>\n\n\n\n<p>&#8220;Tekst og tegning spiller b\u00e5de morsomt og r\u00f8rende op mod hinanden i den lille fort\u00e6lling, der henter sin s\u00e6rlige poesi i ligefremme registreringer af ganske sm\u00e5 begivenheder&#8221;<br>\u2665\ufe0e\u2665\ufe0e\u2665\ufe0e\u2665\ufe0e\u2665\ufe0e Felix Rothstein <a rel=\"noreferrer noopener\" href=\"https:\/\/politiken.dk\/kultur\/boger\/boganmeldelser\/B_rn___Unge\/art9275535\/Da-hun-sender-billedet-til-sin-far-svarer-han-bare-med-en-tommel-op-emoji-s%C3%A5-hjertet-synker-i-l%C3%A6seren\" target=\"_blank\">Politiken<\/a><\/p>\n\n\n\n<hr class=\"wp-block-separator has-css-opacity\"\/>\n\n\n\n<p>\u201d<em>PER <\/em>er en us\u00e6dvanlig og sk\u00f8n historie og vil blive en perle i dansk b\u00f8rnelitteratur.&#8221;<br>Bent Rasmussen <a href=\"https:\/\/www.folkeskolen.dk\/dansk-indskoling-dansk-mellemtrin-skonlitteratur\/en-kommende-borneklassiker\/4717845\" data-type=\"URL\" data-id=\"https:\/\/www.folkeskolen.dk\/dansk-indskoling-dansk-mellemtrin-skonlitteratur\/en-kommende-borneklassiker\/4717845\" target=\"_blank\" rel=\"noreferrer noopener\">Folkeskolen<\/a><\/p>\n\n\n\n<hr class=\"wp-block-separator has-alpha-channel-opacity\"\/>\n\n\n\n<p>&#8220;Dette er b\u00e5de en bog til indlevelse og oplevelse&#8221;<br>Eiler Jensen, B\u00f8rn &amp; B\u00f8ger<\/p>\n\n\n\n<hr class=\"wp-block-separator has-css-opacity\"\/>\n\n\n\n<p>\u201d<em>Per <\/em>er en af de fineste b\u00f8ger, jeg l\u00e6nge har l\u00e6st. Historien g\u00e5r lige i hjertet, sproget er smukt, illustrationerne er fantastiske, og den taktile fornemmelse af bogen i h\u00e5nden, mens jeg l\u00e6ser, er rar og l\u00e6kker.&#8221;<br>\u201d<em>Per <\/em>er en klog, lille bog om livet p\u00e5 godt og ondt. En bog om naturens forunderlighed, om sorg og savn og om k\u00e6rlighed. Det hele fortalt uden store armsving, men med stor empati og hjertevarme. En stor anbefaling herfra.&#8221;<br>Jette Holst, <a href=\"https:\/\/horsensbibliotek.dk\/nyheder\/bogtips\/det-bedste-vi-laeste-i-maj\" target=\"_blank\" rel=\"noreferrer noopener\">Horsens Bibliotek<\/a><\/p>\n\n\n\n<hr class=\"wp-block-separator has-css-opacity\"\/>\n\n\n\n<p>&#8220;En smuk og eftert\u00e6nksom bog om sommerfugleudkl\u00e6kning og en fjern far.&#8221;<br>&#8220;Det er s\u00e5 flot gjort!&#8221;<br>Lisbeth Roed, Vejle Bibliotekerne, <a href=\"https:\/\/ugeavisen.dk\/ugeavisenvejle\/biblioteket-anbefaler-sommerfugle-i-vindueskarmen\" target=\"_blank\" rel=\"noreferrer noopener\">Ugeavisen<\/a><br><\/p>\n\n\n\n<hr class=\"wp-block-separator has-alpha-channel-opacity\"\/>\n\n\n\n<p><br>&#8220;En dirrende smuk og r\u00f8rende bog&#8221; <br>&#8220;Man kan ikke lige s\u00e6tte Zenia Johnsen i b\u00e5s og hurra for det.&#8221;<br><em>Christina Wung-Sung<\/em> &#8211; <strong>Bausagerbook<\/strong><\/p>\n\n\n\n<hr class=\"wp-block-separator has-css-opacity\"\/>\n\n\n\n<p>&#8220;Johnsen og Parkins har beg\u00e5et en mesterlig fort\u00e6lling om savn, svigt og sommerfuglelarver.&#8221;<br>&#8220;Parkins tegninger er fuldst\u00e6ndig fantastiske og underst\u00f8tter teksten helt sublimt. Det her er en billedfort\u00e6lling af de helt sj\u00e6ldne, som er meget smuk og samtidig r\u00f8r l\u00e6seren (i hvert fald denne l\u00e6ser) dybt.&#8221;<br>@mortenmjespersen<\/p>\n\n\n\n<hr class=\"wp-block-separator has-css-opacity\"\/>\n\n\n\n<p>&#8220;En smuk og eftert\u00e6nksom bog om sommerfugleudkl\u00e6kning og en fjern far.&#8221;<br>&#8220;Virkelig fin og smuk bog, hvor der er rigtigt meget at t\u00e6nke over og snakke om, b\u00e5de p\u00e5 det konkrete og det psykologiske plan.&#8221;<br>&#8220;Det er en bog, der ikke rigtigt ligner andre.&#8221;<br>Lekt\u00f8rudtalelse, <strong>DBC<\/strong><\/p>\n\n\n\n<hr class=\"wp-block-separator has-css-opacity\"\/>\n\n\n\n<p>&#8220;N\u00e5r alt g\u00e5r op i en h\u00f8jere enhed f\u00e5r man <em>Per<\/em>&#8220;<br>&#8220;S\u00e5 fin billedfort\u00e6lling, som giver en masser at t\u00e6nke p\u00e5 og over. Kombination af hverdagsliv, detaljerede naturtegninger og dagbogsnoter fungerer up\u00e5klageligt!&#8221; <br>&#8220;Zenia Johnsen skriver smukt og Signe Parkins tegner smukt &#8211; det er vidunderligt.&#8221;<br>@julie.ottosen<\/p>\n\n\n\n<hr class=\"wp-block-separator has-css-opacity\"\/>\n\n\n\n<p>&#8220;<em>Per <\/em>er et vidunderligt lille v\u00e6rk &#8211; om sommerfugle, frav\u00e6rende for\u00e6ldre, h\u00e5b, savn og ensomhed.&#8221;<br>&#8220;Zenia Johnsen og Signe Parkins har skabt et virkelig fint og sanseligt v\u00e6rk &#8211; som er en oplevelse at g\u00e5 p\u00e5 opdagelse i &#8211; pr\u00e6cis som b\u00f8rn unders\u00f8ger verden kan de unders\u00f8ge tekst og illustrationer i <em>Per<\/em>.&#8221;<br>@bibliotekat<\/p>\n\n\n\n<hr class=\"wp-block-separator has-css-opacity\"\/>\n\n\n\n<p>&#8220;Per! \u00c5h Per! <em>Per <\/em>er den smukkeste bog om at passe p\u00e5 og holde af og savne. Der er s\u00e5 mange lag og alligevel er historien s\u00e5 enkel. Signe Parkins tegner fabelagtigt fantastisk og Zenia Johnsen skriver helt vidunderligt smukt.&#8221;<br>@denlillebogsult<\/p>\n\n\n\n<hr class=\"wp-block-separator has-css-opacity\"\/>\n\n\n\n<p>&#8220;Udgivelsen er et lille kunstv\u00e6rk. Man l\u00e6ser langsomt, dv\u00e6ler ved b\u00e5de tekst og illustrationer. En bog for alle aldre.&#8221;<br>@bog.dag.bog<\/p>\n\n\n\n<hr class=\"wp-block-separator has-css-opacity\"\/>\n\n\n\n<p>&#8220;Et absolut mesterv\u00e6rk.&#8221;<br>&#8220;Signe Parkins tegninger er perfekte til Zenia Johnsens skr\u00f8belige historie. De spr\u00f8de blyantstegninger vibrerer hen over siderne og l\u00f8fter historien op i kategorien Ren Kunst. Denne her bog er grunden til at vi elsker fysiske b\u00f8ger. Jeg elsker den.&#8221;<br>@thejulesrules<\/p>\n\n\n\n<hr class=\"wp-block-separator has-alpha-channel-opacity\"\/>\n\n\n\n<p>&#8220;<em>PER <\/em>af Zenia Johnsen og Signe Parkins er en bog, som ikke umiddelbart lader sig selv s\u00e6tte i b\u00e5s. Det er en hybrid af dagbogs-\/feltnoter, billedbog, kortroman og tegneserie om savn, sorg, udvikling og insekter. Sproget er enormt poetisk; sansende, forsigtigt, n\u00f8gternt. Illustrationerne er sk\u00e6ve, sk\u00f8re og sjove. Men samtidig er de er ogs\u00e5 enormt smukke.  <em>PER <\/em>er vild &#8211; som kun Johnsen og Parkins kan. Kontrasterne er imponerende, og det afspejler barnets sorgproces og udvikling mesterligt.&#8221;<br>@bogoplevelsen<\/p>\n\n\n\n<hr class=\"wp-block-separator has-css-opacity\"\/>\n\n\n\n<p>&#8220;Det er en bog om savn, om udvikling, om at blive \u00e6ldre og om at tro p\u00e5 det magiske i livet. Illustrationerne er holdt i afd\u00e6mpede farver, der bidrager til en dyster og tr\u00f8stesl\u00f8s stemning. Men midt i alt det triste, kommer der smukke sommerfugle ud, som trodser tristessen og sammen med dem flakser der h\u00e5b om en lysere fremtid.&#8221;<br>@fenjascorner<\/p>\n\n\n\n<hr class=\"wp-block-separator has-alpha-channel-opacity\"\/>\n\n\n\n<p><\/p>\n\n\n\n<p><strong>PER <\/strong>p\u00e5 <a href=\"https:\/\/www.goodreads.com\/book\/show\/102189889-per\" target=\"_blank\" rel=\"noreferrer noopener\">Goodreads<\/a><\/p>\n\n\n\n<hr class=\"wp-block-separator has-css-opacity\"\/>\n\n\n\n<div class=\"wp-block-jetpack-tiled-gallery aligncenter is-style-rectangular\"><div class=\"tiled-gallery__gallery\"><div class=\"tiled-gallery__row\"><div class=\"tiled-gallery__col\" style=\"flex-basis:67.02168%\"><figure class=\"tiled-gallery__item\"><img decoding=\"async\" srcset=\"https:\/\/i0.wp.com\/zenia.dk\/wp-content\/uploads\/Per_38.jpg?strip=info&#038;w=600 600w,https:\/\/i0.wp.com\/zenia.dk\/wp-content\/uploads\/Per_38.jpg?strip=info&#038;w=800 800w\" alt=\"\" data-height=\"807\" data-id=\"4952\" data-link=\"http:\/\/zenia.dk\/?attachment_id=4952\" data-url=\"http:\/\/zenia.dk\/wp-content\/uploads\/Per_38.jpg\" data-width=\"800\" src=\"https:\/\/i0.wp.com\/zenia.dk\/wp-content\/uploads\/Per_38.jpg\" data-amp-layout=\"responsive\"\/><\/figure><\/div><div class=\"tiled-gallery__col\" style=\"flex-basis:32.97832%\"><figure class=\"tiled-gallery__item\"><img decoding=\"async\" srcset=\"https:\/\/i0.wp.com\/zenia.dk\/wp-content\/uploads\/Per_40.jpg?strip=info&#038;w=600 600w,https:\/\/i0.wp.com\/zenia.dk\/wp-content\/uploads\/Per_40.jpg?strip=info&#038;w=800 800w\" alt=\"\" data-height=\"807\" data-id=\"4954\" data-link=\"http:\/\/zenia.dk\/?attachment_id=4954\" data-url=\"http:\/\/zenia.dk\/wp-content\/uploads\/Per_40.jpg\" data-width=\"800\" src=\"https:\/\/i0.wp.com\/zenia.dk\/wp-content\/uploads\/Per_40.jpg\" data-amp-layout=\"responsive\"\/><\/figure><figure class=\"tiled-gallery__item\"><img decoding=\"async\" srcset=\"https:\/\/i0.wp.com\/zenia.dk\/wp-content\/uploads\/Per_43.jpg?strip=info&#038;w=600 600w,https:\/\/i0.wp.com\/zenia.dk\/wp-content\/uploads\/Per_43.jpg?strip=info&#038;w=800 800w\" alt=\"\" data-height=\"827\" data-id=\"4957\" data-link=\"http:\/\/zenia.dk\/?attachment_id=4957\" data-url=\"http:\/\/zenia.dk\/wp-content\/uploads\/Per_43.jpg\" data-width=\"800\" src=\"https:\/\/i0.wp.com\/zenia.dk\/wp-content\/uploads\/Per_43.jpg\" data-amp-layout=\"responsive\"\/><\/figure><\/div><\/div><div class=\"tiled-gallery__row\"><div class=\"tiled-gallery__col\" style=\"flex-basis:42.91858%\"><figure class=\"tiled-gallery__item\"><img decoding=\"async\" srcset=\"https:\/\/i1.wp.com\/zenia.dk\/wp-content\/uploads\/Per_29-766x1024.jpg?strip=info&#038;w=600 600w,https:\/\/i1.wp.com\/zenia.dk\/wp-content\/uploads\/Per_29-766x1024.jpg?strip=info&#038;w=800 800w\" alt=\"\" data-height=\"1070\" data-id=\"4927\" data-link=\"http:\/\/zenia.dk\/?attachment_id=4927\" data-url=\"http:\/\/zenia.dk\/wp-content\/uploads\/Per_29-766x1024.jpg\" data-width=\"800\" src=\"https:\/\/i1.wp.com\/zenia.dk\/wp-content\/uploads\/Per_29-766x1024.jpg\" data-amp-layout=\"responsive\"\/><\/figure><\/div><div class=\"tiled-gallery__col\" style=\"flex-basis:57.08142%\"><figure class=\"tiled-gallery__item\"><img decoding=\"async\" srcset=\"https:\/\/i2.wp.com\/zenia.dk\/wp-content\/uploads\/Per_28.jpg?strip=info&#038;w=600 600w,https:\/\/i2.wp.com\/zenia.dk\/wp-content\/uploads\/Per_28.jpg?strip=info&#038;w=800 800w\" alt=\"\" data-height=\"804\" data-id=\"4926\" data-link=\"http:\/\/zenia.dk\/?attachment_id=4926\" data-url=\"http:\/\/zenia.dk\/wp-content\/uploads\/Per_28.jpg\" data-width=\"800\" src=\"https:\/\/i2.wp.com\/zenia.dk\/wp-content\/uploads\/Per_28.jpg\" data-amp-layout=\"responsive\"\/><\/figure><\/div><\/div><\/div><\/div>\n\n\n\n<p><\/p>\n\n\n<div class=\"wp-block-image\">\n<figure class=\"aligncenter size-full is-resized\"><img decoding=\"async\" src=\"http:\/\/zenia.dk\/wp-content\/uploads\/wp-1685362037271.jpg\" alt=\"\" class=\"wp-image-5158\" style=\"aspect-ratio:0.7023319615912208;width:360px;height:auto\"\/><figcaption class=\"wp-element-caption\">Per med <em>PER <\/em>&amp; forfatteren med hagesm\u00e6k, 1978<\/figcaption><\/figure><\/div>","protected":false},"excerpt":{"rendered":"<p>&#8220;Milevidt fra den farvestr\u00e5lende og masseproducerede konceptlitteratur, som findes p\u00e5 de fleste b\u00f8rns nethinder&#8221; WEEKENDAVISEN \u2665\ufe0e\u2665\ufe0e\u2665\ufe0e\u2665\ufe0e\u2665\ufe0ePOLITIKEN &#8220;En kommende b\u00f8rneklassiker&#8220;FOLKESKOLEN &#8220;PER er et storsl\u00e5et og meget stille mesterv\u00e6rk&#8220;NORDISK R\u00c5D En sommerfugl, en far, et savn, et frav\u00e6r.&nbsp;&nbsp;En pige f\u00e5r et gammelt akvarium og 20 sm\u00e5 sorte larver af sin far. Hun finder bl.a. ud af, at larver kan danse \u2026&nbsp;larver kan godt mobbe hinanden \u2026&nbsp;larver holder op med at spise, n\u00e5r det regner \u2026&nbsp;og at pupper er lysegr\u00f8nne, s\u00e5 m\u00f8rkebrune og s\u00e5 bliver de til GULD! Mens vi f\u00f8lger pigens forundring over larvernes metamorfose, fort\u00e6lles mellem linjerne en ganske anden historie,\u2026<\/p>\n","protected":false},"author":2,"featured_media":0,"parent":3159,"menu_order":0,"comment_status":"closed","ping_status":"closed","template":"","meta":{"footnotes":"","_links_to":"","_links_to_target":""},"class_list":["post-4986","page","type-page","status-publish","hentry"],"blocksy_meta":"","jetpack_sharing_enabled":true,"_links":{"self":[{"href":"http:\/\/zenia.dk\/index.php?rest_route=\/wp\/v2\/pages\/4986","targetHints":{"allow":["GET"]}}],"collection":[{"href":"http:\/\/zenia.dk\/index.php?rest_route=\/wp\/v2\/pages"}],"about":[{"href":"http:\/\/zenia.dk\/index.php?rest_route=\/wp\/v2\/types\/page"}],"author":[{"embeddable":true,"href":"http:\/\/zenia.dk\/index.php?rest_route=\/wp\/v2\/users\/2"}],"replies":[{"embeddable":true,"href":"http:\/\/zenia.dk\/index.php?rest_route=%2Fwp%2Fv2%2Fcomments&post=4986"}],"version-history":[{"count":28,"href":"http:\/\/zenia.dk\/index.php?rest_route=\/wp\/v2\/pages\/4986\/revisions"}],"predecessor-version":[{"id":5345,"href":"http:\/\/zenia.dk\/index.php?rest_route=\/wp\/v2\/pages\/4986\/revisions\/5345"}],"up":[{"embeddable":true,"href":"http:\/\/zenia.dk\/index.php?rest_route=\/wp\/v2\/pages\/3159"}],"wp:attachment":[{"href":"http:\/\/zenia.dk\/index.php?rest_route=%2Fwp%2Fv2%2Fmedia&parent=4986"}],"curies":[{"name":"wp","href":"https:\/\/api.w.org\/{rel}","templated":true}]}}